t d be (564 - n)/(7 - 6). Suppose -f + 6*f = d. Is f a composite number?
False
Let y be (1/(-2))/((-13)/78). Suppose 3*j + 1957 = x, -5*x + 3869 = -y*x + 3*j. Suppose 3*o - x = -4*m, -5*m + 402 + 2027 = 3*o. Is m a composite number?
False
Let s = -41 - -44. Is s - 5/(5/(-876)) composite?
True
Suppose -7*p + 30 = -2*p. Suppose -4 = -5*j + p. Is (j + 1 - 3) + 635 prime?
False
Let z(t) = t**2 + 7*t + 1. Let f be z(-7). Suppose -3*s + 13 - f = 0, -v + 5*s = 16. Suppose 365 = 3*n + v*b, 0 = -4*b + 28 - 8. Is n a composite number?
True
Let n(x) = 2*x**2 - 11. Let z = -7 - -14. Suppose -a = -2*a - z. Is n(a) composite?
True
Suppose x - 2*j - 921 = 0, 5*x + 918 = 6*x + j. Is x prime?
True
Is (-330355)/(-2)*(-148)/(-370) composite?
False
Let f = 8 - 5. Let h(q) = 20*q**3 + q**2 - 4*q. Is h(f) prime?
False
Let s = 2597 + 2076. Is s composite?
False
Let b be (-1 - -4 - 2)/(1*-1). Let s(y) = 1984*y**2 - 5*y - 4. Is s(b) a prime number?
False
Suppose 0*g - g - 12 = 3*k, -g + 2*k = -13. Is (1082/g)/((-4)/(-6)) a prime number?
True
Suppose -g - 3*g + 16 = 0. Suppose -g*c + 21 + 743 = 0. Is c a prime number?
True
Suppose i = 3*r + 1055 + 177, -3*r - 6100 = -5*i. Is i composite?
False
Suppose -3*z + 8 = -4*h - 28, -5*h - z - 26 = 0. Is 5/(-10)*h - -335*2 a composite number?
False
Suppose c + 312 + 1010 = 3*j, 3*c + 1761 = 4*j. Let a = -5 + 66. Suppose -2*n = -j - a. Is n prime?
True
Let r(q) = 58*q - 9. Is r(11) prime?
False
Suppose -6*s + 40 = -2*s. Suppose -s*f - 12 = -13*f. Is f/(-6)*330/(-4) composite?
True
Let j be 1 + (3 - 1/(-1)). Suppose -9 = -j*z - i + 6, 5*i - 27 = -z. Suppose -3*g = -4*m - 13 - 56, -z*g + 5*m = -46. Is g a composite number?
False
Suppose 5*u = 3*k + 2*k - 175, 40 = k + 4*u. Let g = 53 + k. Is g a composite number?
False
Let x = -1126 + 2763. Is x prime?
True
Let c = -743 - -1998. Is c a composite number?
True
Is ((-38)/8)/(20/(-240)) a composite number?
True
Suppose c - 6 + 4 = 0. Is ((2 - -976)/c - 2) + 0 a composite number?
False
Let w = 7869 + 5896. Is w a prime number?
False
Let s(w) = -w**2 + 14*w - 23. Let q be s(11). Suppose 2*b = q*b - 1016. Is b a composite number?
False
Let r = -25 + 33. Suppose -r*q + 2625 = -2823. Is q composite?
True
Suppose 9687 = 2*q + 941. Is q prime?
True
Let n(t) = 4*t - 7. Let z be -14 - -4*(2 - 1). Let a = 0 - z. Is n(a) a composite number?
True
Suppose 0 = -189*v + 191*v + 6. Let a(i) = -4*i - 4 - 3*i + 2*i + 28*i**2. Is a(v) composite?
False
Let f = 18 + -48. Let r = f + 34. Suppose 4*k - 48 = -r*b, 3*k = 4*b - 0*b + 1. Is k composite?
False
Let h be (-15)/20 - 130/8. Suppose 0 = -5*k + 4*k - 2. Is h*(k - (-3 + 3)) prime?
False
Suppose -l = x - 4, 2*x + 5*l - 14 = -x. Suppose 3*y + x*t = 4761, 3*y + t - 4765 = 2*t. Suppose 5*q + y = 9*q. Is q a prime number?
True
Let z = 8509 - 4061. Suppose -4*u - 5756 = -3*b + 915, 0 = -2*b + 3*u + z. Is b composite?
False
Suppose -1 - 9 = -2*c. Suppose c*p - 23 = 2. Is p/15 - (-137)/3 a composite number?
True
Let g(w) be the first derivative of w**4/4 + w**3/3 - 2*w**2 - 3*w - 13. Let s be g(-2). Let p(f) = 1470*f**3 - f. Is p(s) prime?
False
Let k = 24533 - -93750. Is k prime?
False
Suppose 47*b - 395557 = 4*b. Is b a composite number?
False
Is 8*27/72 - -2434*2 a prime number?
True
Is 2421 - ((-42)/(-9) + 6/(-9)) prime?
True
Suppose 2*j = 4*o + 6132 + 8338, -o - 21700 = -3*j. Is j prime?
False
Let c(a) = -219*a**3 + 7*a**2 - 9*a + 9. Let v(s) = 109*s**3 - 3*s**2 + 4*s - 4. Let n(f) = -3*c(f) - 7*v(f). Is n(-2) prime?
False
Let j(m) = -m**3 + 11*m**2 + 13*m - 16. Let q(s) = s**3 + 5*s**2 + 2*s + 4. Let i be q(-5). Let c(g) = g**2 + 3*g - 7. Let o be c(i). Is j(o) composite?
False
Suppose 21574 = 26*m - 15840. Is m composite?
False
Suppose 4*a + 0*a = -2*a. Suppose -2*u - 894 + 3812 = a. Is u prime?
True
Let o(p) = 4*p**2 + p - 4. Let q be o(-5). Suppose 10 = x + q. Let z = 150 + x. Is z prime?
False
Suppose -10 = -0*d + 5*d. Suppose 3*v + 5 = -4*w, -v = -4 + 7. Is 27 - (d + (w - -2)) a prime number?
False
Let w(v) = 14*v**2 + 6*v + 7. Let d be w(-7). Let i = d + 1199. Let s = i + -1047. Is s a prime number?
False
Let n(d) = -8*d**3 + 15*d**2 + 11*d + 10. Let z(f) = 7*f**3 - 15*f**2 - 11*f - 10. Let l(c) = 6*n(c) + 7*z(c). Is l(17) composite?
True
Let j = -7 + 10. Suppose -j*f + 16 = 7. Suppose -l - f*y + 224 + 105 = 0, y = 5*l - 1645. Is l a prime number?
False
Let p(i) be the first derivative of 2*i**3/3 - 3*i**2 + 7*i + 13. Is p(-6) prime?
False
Is 127005/20*2*10/15 prime?
True
Let m(u) = 57*u**2 - 18*u - 8. Is m(-3) a composite number?
True
Let r(b) = -b**3 - 9*b**2 + 4*b - 7. Let o(s) = -3*s - 7. Let k be o(-4). Suppose -40 = k*v - v. Is r(v) a composite number?
False
Let b = -2 + 13. Suppose -101969 = -b*o + 4*o. Is o a prime number?
False
Let z(d) = 114*d**2 - 15*d - 18. Let x be z(-8). Suppose x - 2313 = 15*k. Is k a composite number?
True
Let j(f) = -f + 41. Let n be j(-20). Let k = 210 - n. Is k prime?
True
Suppose 0 = 3*w - 4*s - 331001, -37*s + 42*s - 20 = 0. Is w composite?
False
Let m(p) = -4571*p**3 - p**2 + 3*p + 3. Let j be m(-1). Let y = -1305 + j. Is y a prime number?
False
Let u = 36367 - 5954. Is u a prime number?
False
Let t(a) = a**3 - 6*a**2 - a + 6. Let i be t(6). Suppose -4*v + 790 = 3*l - 32, -4*l - 8 = i. Suppose -196 = -s - 3*p, -4*s + 3*p + 652 = -v. Is s prime?
True
Suppose 2*u = 7*u. Suppose 0*h + 2*h - 4*r - 1606 = u, 0 = 2*h - 3*r - 1603. Is h a composite number?
False
Let i = -19 + 31. Let v = -8 + i. Suppose 5*c + 67 + 306 = 4*f, 379 = v*f - 3*c. Is f composite?
False
Let g = 4949 - 2731. Suppose 5*t - g = -s, -7*s = -2*s - 15. Is t a prime number?
True
Let x be (1*2)/((-19)/38). Let i(r) = -341*r - 21. Is i(x) a prime number?
False
Let a = 3761 - 1430. Suppose -1341 = -3*z - 2*n + 1010, -a = -3*z + 3*n. Is z a prime number?
False
Suppose 5*d = 2*s - 179, d = -s - 3*s + 347. Is s a prime number?
False
Is -7 + -5*(-2630)/25 a composite number?
True
Suppose 10 = -y - 0. Let u = y + 23. Let g = -6 + u. Is g a composite number?
False
Let r(d) = 811*d**3 + 6*d**2 - 24*d + 5. Is r(2) a prime number?
True
Let g be ((-26)/(-3))/((-18)/(-4239)). Suppose 3*i = 5*o + 3864, -i + 5*o + g = 743. Is i prime?
True
Let l be 613/(-1) - ((-8)/4 + -1). Let n = 1059 + l. Is n a prime number?
True
Is 27/(-9) + 4 + 4*168 a composite number?
False
Suppose -5*s - 3*n - 4064 = 0, 0*s = -s - 3*n - 808. Let x = s + 2657. Is x composite?
True
Let s(k) = 3456*k**2 + 25*k - 17. Is s(4) a prime number?
False
Suppose b + 5*z - 100 = 0, -3*z + 475 - 19 = 5*b. Suppose -b = 6*u - 600. Is u prime?
False
Let r = 3039 - -2222. Is r prime?
True
Let d = 140 - 138. Suppose 7*c - 3*g = 3*c + 722, -368 = -d*c + 5*g. Is c a prime number?
True
Let t = 102 + -13. Is t prime?
True
Let y = -48 + 52. Suppose -3*c + 4*m = -2267, -916 = y*c - m - 3917. Is c composite?
True
Let i(u) = -u**3 + 8*u**2 + 12*u + 18. Is i(-17) a composite number?
False
Let k(z) = -1. Let f(b) = -14*b - 38. Let n(p) = f(p) - 4*k(p). Let s(x) = -9*x - 23. Let c(g) = 5*n(g) - 7*s(g). Is c(-6) a prime number?
False
Let z = -4157 - -6318. Is z a composite number?
False
Let k(b) = -b + 5. Let g be k(4). Let f = -14 - -11. Is (g/(f/(-921)))/1 a prime number?
True
Is 7/35 + (1 - (-1279)/5) a prime number?
True
Suppose n + 4*a - 295 = 662, 4*n - 3800 = -2*a. Let w = 3048 - n. Is w a composite number?
False
Let f be (5 + -77)*10/(-3). Let d = 345 + f. Let l = d + -338. Is l a composite number?
True
Let g(n) = 47*n - 14. Let v(h) = 46*h - 15. Let o(f) = -6*g(f) + 5*v(f). Let l be (-1)/1 - 8 - -2. Is o(l) prime?
True
Let c(j) = -j**3 + 8*j**2 + 4. Let t be c(8). Is 17/(t/(-4 + 128)) a prime number?
False
Let x = 8857 + -3780. Is x prime?
True
Let p(d) = -3*d + 753. Suppose 0*l = -5*l. Is p(l) a composite number?
True
Let f = 1253 - -876. Is f composite?
False
Let m = -170 + 254. Suppose 2*p = -3*p + 1315. Let l = p - m. Is l a composite number?
False
Suppose -2*k - 41 + 43 = 0. Is (2*k/6)/((-17)/(-61251)) a composite number?
False
Let j(m) = 140*m + 4. Let a(s) = 420*s + 11. Let w(l) = -3*a(l) + 8*j(l). Is w(-3) a composite number?
False
Let i be (2 - (-6)/(-18))/(2/(-6)). Let a(s) be the first derivative of -s**2/2 - s - 1. Is a(i) a prime number?
False
Suppose 0 = -18*o + 37*o - 807367. Is o prime?
Fa